(x) = 102*x**2 + 8*x + 10. Let b be v(-2). Suppose -7*p = -b - 137. What is the tens digit of p?
7
Suppose -76*k - 2104 = -78*k. Suppose 0 = 5*h + 3*b - k, 6*h - 10*h = -b - 828. What is the tens digit of h?
0
Let f(n) be the first derivative of -n**3/3 + 4*n**2 - 3*n - 10. Let x be f(4). Suppose -2*q + 61 = x. What is the tens digit of q?
2
Suppose 35*d = 20*d + 12405. What is the hundreds digit of d?
8
Let v be 3/7 + 130/7. Suppose y = -5*p - 55, 0 = 5*p - 4*y + v + 11. Let j = 10 - p. What is the tens digit of j?
2
Suppose 10*g - 4236 = 324. Suppose 0 = -5*z + 3*d + 428, 0 = -5*z - 0*d - 4*d + g. What is the units digit of z?
8
Let j be (-13 + 8)/(1*-1). Let u(a) = a + 1 - 4 + 1. What is the units digit of u(j)?
3
Let o be ((-8)/(-10))/((-10)/(-50)). Suppose 0 = -5*w + 6 + 4, -3*k - o*w = -350. Suppose k = 2*b + d + 4*d, 5*d = 20. What is the units digit of b?
7
Let v = 32 + -14. Suppose x + 0*x + 21 = 2*n, n = 3*x + v. Suppose -2*s + n = -51. What is the tens digit of s?
3
Let t(l) = l + 5. Let a(z) = -z - 4. Let c(f) = 3*a(f) + 4*t(f). Let b be c(-5). Suppose 4 = -p, -4*d - b*p = -92 - 28. What is the tens digit of d?
3
Let y be 20/(2/(3 + 1)). Let a = 20 - 33. Let u = y + a. What is the tens digit of u?
2
Suppose -15*c = -8101 - 65129. What is the tens digit of c?
8
Suppose p = -s - 473, -4*s - s + p - 2353 = 0. Let w = 686 + s. What is the hundreds digit of w?
2
Suppose 0 = -17*c + 9*c - 5*c. What is the tens digit of (-170)/(-2 + 0 - c)?
8
Let p be ((-28)/2 - 0)/(-2). Let s = 50 - 38. Let d = s - p. What is the units digit of d?
5
Let y(m) be the second derivative of m**4/12 + 5*m**3/6 - 2*m**2 - 2*m. Let q be y(-6). Suppose -36 = -f - q*f. What is the units digit of f?
2
Let o(b) = 40*b**2 + b - 1. Let h be o(1). Suppose -2*z - 5*n + 78 = 0, n - 153 = -5*z - n. Let m = h - z. What is the units digit of m?
1
Let s be 0/(3 - (-4)/(-2)). Suppose -3*f + 3 = -s*m - 3*m, -f - 3 = -3*m. Suppose -5*z + 55 = -m*v, z - v = -0*v + 11. What is the units digit of z?
1
Let l = -282 + 945. What is the tens digit of l?
6
Suppose 0 = 13*f - 168 + 51. Suppose 0 = -f*g - 5*g + 392. What is the tens digit of g?
2
Let q(w) = 4*w**2 - 30*w + 86. What is the units digit of q(18)?
2
Let m(t) = t**3 + t**2 + t + 978. What is the units digit of m(0)?
8
Let g be 2/(-3)*(4 + -4 + 3). What is the units digit of (-1 - g)*(96 - (-5 - -8))?
3
Suppose -8 = -4*h, -3*c - 4*h = -4981 + 248. What is the hundreds digit of c?
5
Let s(w) = 40*w**2 + 50*w + 11. What is the thousands digit of s(-9)?
2
Suppose -481*f - 1071 = -498*f. What is the units digit of f?
3
Let c be (3 - 1)/4*6. Suppose c*q - 65 = -2*q. Suppose -5*m + 17 = -q. What is the units digit of m?
6
Let d = 344 - 314. What is the units digit of d?
0
Let g(y) = 25*y - 28. What is the hundreds digit of g(12)?
2
Let z(b) = -187*b + 240. What is the hundreds digit of z(-9)?
9
What is the hundreds digit of (3 - 2604/8)*10/(-15)?
2
Let h(f) = 10*f**2 - 475*f - 2. What is the tens digit of h(53)?
1
Suppose -88 = 7*f - 18*f. Suppose -4*t + f*t = 812. What is the units digit of t?
3
Let w = 5 - 2. Suppose 0*g = w*g - 75. What is the tens digit of g?
2
Let u(q) be the first derivative of -5*q**2/2 + 43*q - 38. What is the units digit of u(8)?
3
Suppose -2*z + 2 + 6 = 0. Suppose -z*b + 272 = 5*y, b + 0*b = y - 49. What is the units digit of y?
2
Let v = -20 + 7. Let h = 17 + v. Let l(o) = 2*o - 4. What is the units digit of l(h)?
4
Let m = 1558 + -1035. What is the tens digit of m?
2
Let u(a) = a**3 - 16*a**2 + 20*a - 32. Let j = 80 - 65. What is the units digit of u(j)?
3
Let g(s) = -2*s + 21*s**2 - 9*s**2 - 5*s - 17*s**2 + s**3 - 3. What is the units digit of g(7)?
6
What is the units digit of 126/819 + 12788/26?
2
Suppose -4*j + 1468 = -4*n, -j + 5*n - 361 = -2*j. Suppose -3*r = -0*r - j. What is the tens digit of r?
2
Suppose 2*a = 2*q + 46, 55 + 22 = -4*q - a. Let m(z) = z - 37. Let k be m(-10). Let i = q - k. What is the tens digit of i?
2
Let i = -5 - -7. Suppose 928 + 1436 = i*g. What is the tens digit of g/33 - 4/(-22)?
3
Suppose -21*l = -22*l + 3286. What is the units digit of l?
6
Suppose 0 = x - 5*h - 386, 4*x - 4*h + 106 - 1586 = 0. Suppose -108 = 6*w - x. What is the units digit of w?
3
Let y(t) = 2*t - 16. Let k be y(9). Suppose 0 = f - i - k*i - 3, f = -4*i + 3. What is the tens digit of 21/((4 + -1)/f)?
2
Let v be 3/15*-2 - 108/5. Let u = 8 - v. What is the tens digit of u?
3
Let z(u) = 0*u**2 + 4*u**2 + 3 - 2*u**2 + 0*u**2. What is the hundreds digit of z(-7)?
1
Let t be 1/((-18)/(-4) + -4). Suppose 0 = 3*v - q - 190, 2*v - t*q + 54 = 3*v. Suppose -8*l + v = -7*l. What is the tens digit of l?
6
Suppose 5*z + v - 6691 = 0, -4*z + 4*v + 1355 = -3*z. What is the tens digit of z?
3
Suppose -44*a + 27390 = 3454. What is the units digit of a?
4
Let q be (-3)/(-18)*-3*0. Suppose q = 46*p - 51*p + 555. What is the hundreds digit of p?
1
Let b(i) = -821*i + 146. What is the hundreds digit of b(-5)?
2
Let c be 9459/63 + (-1)/7. Suppose 3*k = -3*k + c. What is the units digit of k?
5
Let r(o) = 18*o + 35. Let g(h) = h**3 + 14*h**2 + 7. Let b be g(-14). What is the tens digit of r(b)?
6
Let f(y) = y**2 + 4*y + 2. Let b be f(-4). Suppose 7*m - 90 = b*m. Let u = -6 + m. What is the units digit of u?
2
Let r = -93 + 95. Suppose -r*b + 589 = 81. What is the tens digit of b?
5
Let s = 8 - 6. Suppose -70 = -s*i + 6. What is the tens digit of i?
3
Suppose -3*l = j, l = -4*l + j. Suppose i - 2 = -l. Suppose 0 = i*c + 1 - 3. What is the units digit of c?
1
Let h(t) = t**2 - 1. Let p be h(-3). Let r be 15/10*p/6. Suppose -78 = -2*f - r*d, -f + 0*f - 3*d = -33. What is the tens digit of f?
4
Suppose -2*j + 503 = -2*r + 133, 0 = -2*j + r + 372. What is the units digit of j?
7
Suppose 0 = 7*d - 11120 + 3728. What is the units digit of d?
6
Let u(g) = 2*g**2 - 41*g + 42. What is the units digit of u(30)?
2
Let n = 2 + 3. Suppose z + 5 = n*p + 24, -4*z = p + 8. What is the tens digit of 21 + (-3 - 0/z)?
1
What is the units digit of (-324)/((-104)/80 - -1)?
0
Let c(n) = n**3 - 5*n**2 + 5. Let f be c(5). Let o be 5*-16*1/(-10). Suppose 12 = -f*d + o*d. What is the units digit of d?
4
Let n(h) = 4*h**3 - 9*h**2 + h + 31. What is the tens digit of n(8)?
1
Let h = 0 - 7. Let t(j) = -j**3 - 6*j**2 + 5*j - 6. Let x be t(h). Let y(g) = g**2 - 4*g - 3. What is the tens digit of y(x)?
2
Suppose 0*d + 4*d = -4*q + 1360, -3*d - 5*q = -1010. What is the units digit of ((-6)/5)/((-6)/d)?
9
Let n = 0 + 0. Suppose 2*r - 2 + 10 = -i, n = -5*i - 2*r. Suppose -3*t + 1 = 2*a, i*t + 2*a - 6*a - 6 = 0. What is the units digit of t?
1
Let m(l) = l**3 + 11*l**2 - 14*l + 44. What is the units digit of m(8)?
8
Let m(y) = -26*y - 30. What is the tens digit of m(-17)?
1
Let u be (-858)/(-12) + 1/(-2). Let y = u + -62. What is the units digit of y?
9
Let m(j) = j**3 - j**2 + 3*j + 1863. What is the units digit of m(0)?
3
Suppose 144*b - 122*b = 33968. What is the tens digit of b?
4
Suppose -18*a - 31695 + 114315 = 0. What is the units digit of a?
0
Let s(k) = -k + 2*k + 0*k - 3. Let t be 2 + -3*20/(-12). What is the units digit of s(t)?
4
Suppose 172 = 10*x - 118. What is the units digit of x?
9
Suppose 17553 = 4*y + c + 4739, -y + 3*c = -3210. What is the units digit of y?
4
Let o be (-2)/3 + 82/(-3). Let u be (o/(-35))/(2/(-155)). Let n = u - -87. What is the tens digit of n?
2
Let t = 486 - 433. What is the tens digit of t?
5
Let y(o) = -o**2 + o. Let r be y(1). Suppose -m + 310 = -r*m. What is the units digit of m?
0
Suppose 5*x = -4*s + 15783, x + 4*x = -5. What is the hundreds digit of s?
9
Let v(f) = 47*f + 11 - 5 + 3. Let g be v(-3). What is the tens digit of ((-2)/(-3))/((-2)/g)?
4
Suppose 0 = -15*j + 16*j - 2. Let f(h) = -5 + 11*h + h**3 + 14*h**j - 9*h + 6*h. What is the tens digit of f(-13)?
6
Let s be (-1)/(4/24) - -3. What is the units digit of 1/(s + 878/292)?
6
Suppose -30*l + 34*l = -3*s + 1005, 5*l + 3*s = 1254. What is the hundreds digit of l?
2
Let g(m) = -m + 190. What is the hundreds digit of g(26)?
1
Let o = -64 + 116. What is the tens digit of o?
5
Let x = 19 - -5. Let r = x + -11. What is the units digit of r?
3
Let k = -8 - -8. Suppose 4*b - 2*x - 234 = k, 19 = 4*b - x - 214. What is the units digit of b?
8
Let m(a) = -4*a**3 -